f(a) = -a**2 - 3*a - 2. Let l(h) = -h**2 - 1. Let y be l(-1). Let d be f(y). What is the units digit of (-18)/(-2) + (-2 - d)?
7
Suppose 10 + 0 = -5*s - 3*u, 2 = -s - 5*u. Suppose -4*o + 3*m + 230 = m, -o = -5*m - 80. What is the tens digit of (o/(-10))/(s/4)?
1
Let w be -2 + (5 - 1) - -2. What is the tens digit of w*5/2 + 0?
1
Suppose 0 = 12*r - 643 - 1625. What is the hundreds digit of r?
1
Suppose 4*c - 54 - 54 = 0. Suppose 0*y - 3*o = 2*y - 18, -3*y - 2*o = -c. What is the units digit of y?
9
Suppose 2*s - 3*s + 9 = 0. Let y = s - 4. What is the units digit of y?
5
Let q(t) = -t**3 - 5*t**2 + 5*t - 2. Let h be q(-6). Suppose -5*p + 2*i - i + 121 = 0, -92 = -h*p + 2*i. What is the units digit of p?
5
Let m(b) = -3*b**2 - b + 1. Let l be m(-3). Let y = l - -54. Suppose -y = -2*k - 3*f, k + 6 = 3*k - 2*f. What is the units digit of k?
8
Let i(v) be the first derivative of -3*v**2 - 7*v + 7. What is the tens digit of i(-7)?
3
Suppose -8*g + 9*g - 6 = 0. Suppose 2 = -2*o + g. What is the units digit of o?
2
Suppose 528 = 3*l - 3*c - 129, 3*c = 2*l - 438. What is the tens digit of l?
1
Suppose -144 + 93 = -3*n. What is the units digit of n?
7
Let q = 326 - 193. What is the tens digit of q?
3
Let r(a) = -2*a + 4. Let l(t) = -1. Let z(w) = 5*l(w) - r(w). Suppose -5*h = -3*x - 30 - 6, 2*x - 2 = -h. What is the units digit of z(h)?
3
Let y(x) = x**3 - 5*x**2 + 5*x. What is the units digit of y(5)?
5
Let p = 89 + -67. What is the units digit of p?
2
Let x be (-1)/5 - 530/(-25). Suppose 3*g + 0*g = x. What is the units digit of g?
7
Let z be (-6)/(-4)*(-10)/15. What is the units digit of z - 0 - (-6 - 29)?
4
Suppose 134 = 2*v + 2*i, -2*v - 18 = 5*i - 167. Let a = v + -43. What is the tens digit of a?
1
What is the units digit of (-1)/2 + 99/6?
6
Suppose -13 = -3*l - 1. Suppose -28 + l = -2*c. What is the units digit of c?
2
Suppose -3*x - 4*p = -2*p - 15, 0 = -4*x + 2*p + 20. Suppose 0 = -4*w + 5*t + 25, 13 + 14 = x*w - 2*t. What is the units digit of w?
5
Let y(p) = -2*p**2 + 16*p. What is the tens digit of y(7)?
1
Let d(c) = c**2 + c - 4. Suppose 0 = 4*g - 0 + 12. What is the units digit of d(g)?
2
Suppose -5*z - 2*q + 23 = 0, -2*q - 2*q + 7 = -3*z. Suppose 4*u = u. Let n = u + z. What is the units digit of n?
3
Suppose -u - 3*u + 132 = 0. What is the tens digit of u?
3
Suppose 4 = 5*z - 56. What is the tens digit of z?
1
Suppose -5*s = s + 6840. What is the units digit of (s/(-75))/(4/10)?
8
Let v = 44 - 15. What is the tens digit of v?
2
Suppose 0 = 4*y - 4, 0*y + 5*y - 3 = -2*q. Let s be (-1 + q)/(5 + -4). Let f = 3 - s. What is the units digit of f?
5
Let n = 24 + -9. Let z = n - -6. Let s = z - 14. What is the units digit of s?
7
Suppose -5*g - 31 - 5 = s, g - 4 = -3*s. Let a be (-1)/(-2) + 70/4. What is the units digit of a/g*(-24)/9?
6
Let m be 1 + -1 + 2 + 1. Let f be 2/5 + 24/15. Let w = f + m. What is the units digit of w?
5
Suppose 0 = 3*c + 1 - 7. Suppose c*j + 54 = 5*j + 3*i, 2*j - i - 30 = 0. What is the units digit of j?
6
Let n(j) = -6*j**3 + 2*j - 1. Let q be (-12)/(-3) + -2 - 1. Let u be n(q). Let v = 8 + u. What is the units digit of v?
3
Suppose 304 = 4*a + 5*k - 327, -a = 2*k - 160. What is the units digit of a?
4
Let r(b) = b**3 + 5*b**2 + 4*b + 2. Let f be r(-4). Let k = -3 - -6. Suppose k*q = f*q + 7. What is the units digit of q?
7
Let l(o) = -o**3 + 4*o**2 - 3*o + 3. Let n be l(2). Suppose 0 = -3*d - h + 98, -187 + 17 = -5*d + n*h. What is the tens digit of d?
3
Suppose 0 = -g + 3*g. Suppose -3*r = -4*l - 13, 2*r + 0*r = 4*l + 10. Let d = g - l. What is the units digit of d?
1
Let r = -48 - -90. What is the units digit of r?
2
Let g = -3 - 0. Let m be g/(-2)*12/(-2). What is the tens digit of m/18 - 45/(-2)?
2
Let i(y) = -y**3 - 6*y**2 + 5*y - 10. Let w be i(-7). Suppose 2 + w = 2*c. What is the units digit of c?
3
Let m(k) = -13*k - 12. What is the tens digit of m(-4)?
4
Suppose -2*b = -2*a - 3*b + 19, 5*a = -3*b + 49. What is the units digit of a?
8
Suppose 0 = j - 7 - 9. Let p(f) = 2*f + 1. Let h be p(1). Suppose -j = -h*a + 17. What is the tens digit of a?
1
Let m = -58 - -87. What is the units digit of m?
9
Let q be (1 - 2)/(1/(-5)). Let a(m) = 2*m - 3. What is the units digit of a(q)?
7
Let a = -862 - -1216. What is the units digit of a?
4
Let l(m) = -9*m**3 + 4*m**2 - 4*m - 16. What is the tens digit of l(-3)?
7
Let f(o) be the first derivative of 5/2*o**2 + 8/3*o**3 + 1 + 1/4*o**4 - o. What is the tens digit of f(-7)?
1
Let o = -39 - -80. Suppose q - o = 2*q. What is the units digit of 1/(-4) + q/(-4)?
0
Suppose 2*k = f + 13 + 2, 3*k - 5*f = 40. What is the units digit of k?
5
Let x(h) = -h**3 + 5*h**2 - h + 2. Let f be x(4). Suppose 0 = -0*y - 2*y + f. What is the units digit of y?
7
Suppose 0 = -2*j - 0*d - d + 18, 5*j - 45 = -d. What is the units digit of j?
9
Suppose 2*a + o - 94 = 0, 0 = -3*a - 3*o + 7 + 137. What is the units digit of a?
6
Let p = -137 - -263. What is the tens digit of p?
2
Let o(x) = -x**3 + 10*x**2 - 6*x + 2. What is the hundreds digit of o(6)?
1
What is the tens digit of ((-6)/4)/((-30)/460)?
2
Let t(c) be the third derivative of 0 - 1/24*c**4 + 0*c - c**2 + 1/120*c**6 - c**3 + 2/15*c**5. What is the units digit of t(-8)?
2
Let y(c) = 27*c - 5. What is the tens digit of y(2)?
4
What is the units digit of 3 + (59 - (-12)/(-8)*-2)?
5
Let y = -10 + 37. Suppose -y = -5*q + 123. Suppose u + 16 = n + n, -3*u - q = -4*n. What is the units digit of n?
9
Suppose 4*k - 454 = -3*c, -607 = -4*k + 4*c - 139. What is the tens digit of k?
1
Suppose -104*h + 84 = -100*h. What is the tens digit of h?
2
Let p = -9 + 5. Let q(g) = -g**3 - 5*g**2 - 4*g - 1. Let z be q(p). Let h(t) = -14*t**3 - 2*t - 1. What is the units digit of h(z)?
5
Let f be 4/6 - (-20)/6. Suppose -f*j = -2*i - 102, 45 = 2*j - i + 2*i. Suppose p = -3*n + j, -24 = -3*n - p - 2*p. What is the units digit of n?
8
Let d(m) = m**2 + m + 2. Let k be d(-2). Let w be 5/(-7) + 1 - (-408)/42. Suppose -k = -b + w. What is the units digit of b?
4
Let v = -3 - -7. Suppose -3*i + 4*p = 9*p - 7, i = -v*p. What is the units digit of i?
4
Let k(l) = -2*l**3 + l**2 - l + 93. What is the units digit of k(0)?
3
Suppose -2 = 3*g + 4*i + 6, 5*i + 33 = 2*g. What is the units digit of g?
4
Let x be 1 - 0 - 2 - -1. Let c(r) = r + 6. What is the units digit of c(x)?
6
Suppose -171 = 3*u - 4*u. What is the units digit of u?
1
Suppose -5*b + 243 = -4*b. What is the tens digit of b?
4
Let c(q) = -q**3 + 6*q**2 + 7*q - 1. What is the units digit of c(5)?
9
Let y(w) = -w**2 - 2*w + 4. Let n be y(-4). Let q be n/(1*(0 + -1)). What is the units digit of (-7)/(-5) + q/(-10)?
1
Suppose -3*r + 24 = -21. Let i be 9*(r/9)/5. What is the units digit of 5*(-2 + (i - 0))?
5
Suppose 8 = h - 3. Let m = 6 - h. Let r = m - -10. What is the units digit of r?
5
Let o = -83 - -157. Suppose -c - 2*r - r + 25 = 0, o = 5*c - 2*r. What is the units digit of c?
6
Suppose 3*z = -z + 4. What is the tens digit of (-7)/14*(-38)/z?
1
Suppose 5*n + 49 = -3*s, -s - 11 = 3*n - 4*n. What is the units digit of (-2 - (2 + -3))*s?
3
Let s(l) = 4*l + 1. Suppose -5*q + 2 = -3. Let z be s(q). Suppose 4*r - 56 = z*h, 7 = -3*r - 3*h + 22. What is the units digit of r?
9
Suppose -5*v - 4*d - 24 = -7, 5*v - 3*d - 4 = 0. Let k be (4*2*v)/(-1). Suppose -3*p + k + 8 = 2*a, 4*p - 26 = 2*a. What is the units digit of p?
6
Let q be (-32)/(-6) - (-6)/(-18). Suppose -18 = -d + q. What is the tens digit of d?
2
Let y(i) be the second derivative of -i**5/60 + i**4/6 + i**2/2 + i. Let p(b) be the first derivative of y(b). What is the units digit of p(3)?
3
What is the units digit of (-1)/((-2)/(-16)*-1)?
8
Let k = -32 - -113. Suppose -2*v + 61 = -3*o, k = 3*v - 2*o + o. What is the tens digit of v?
2
Let w = -220 + 512. What is the tens digit of w?
9
Let h be (-4)/(-14) + (-26)/(-7). Suppose 0 = -3*a + h + 20. What is the units digit of a?
8
Suppose 4*s = -4*o + 7*o - 134, 3*s - 95 = -2*o. What is the units digit of o?
6
Suppose 5*r - 31 = -11. Suppose -10 = -r*n + 3*n. Suppose 2*a - g - n = 5, 3*g = -15. What is the units digit of a?
5
Suppose i + i = 0. Suppose o - 5*o - 8 = i. What is the units digit of (-1)/o + 26/4?
7
Suppose p - 186 = -4*w + 10, -5*p = 5*w - 995. What is the tens digit of p?
0
Suppose -d - 4 =